{"id":2535,"date":"2026-02-26T11:41:04","date_gmt":"2026-02-26T11:41:04","guid":{"rendered":"https:\/\/voudouant.org\/?post_type=product&#038;p=2535"},"modified":"2026-02-26T11:41:04","modified_gmt":"2026-02-26T11:41:04","slug":"objectif-longue-portee","status":"publish","type":"product","link":"https:\/\/voudouant.org\/index.php\/produit\/objectif-longue-portee\/","title":{"rendered":"Objectif longue port\u00e9e"},"content":{"rendered":"<p>Divi propose des <strong>modules WooCommerce<\/strong> (Shop, Products, etc.) Cr\u00e9e une nouvelle page <strong>Boutique<\/strong> avec Divi.<\/p>\n<p>Ajoute un <strong>module Shop<\/strong> pour afficher tes produits en grille. Personnalise le design (colonnes, couleurs, typographie) pour qu\u2019il corresponde \u00e0 ton identit\u00e9 visuelle<\/p>\n<p>Divi propose des <strong>modules WooCommerce<\/strong> (Shop, Products, etc.) Cr\u00e9e une nouvelle page <strong>Boutique<\/strong> avec Divi.<\/p>\n<p>Ajoute un <strong>module Shop<\/strong> pour afficher tes produits en grille. Personnalise le design (colonnes, couleurs, typographie) pour qu\u2019il corresponde \u00e0 ton identit\u00e9 visuel<\/p>\n","protected":false},"excerpt":{"rendered":"<p>Divi propose des modules WooCommerce (Shop, Products, etc.) Cr\u00e9e une nouvelle page Boutique avec Divi. Ajoute un module Shop pour afficher tes produits en grille. Personnalise le design (colonnes, couleurs, typographie) pour qu\u2019il corresponde \u00e0 ton identit\u00e9 visuelle Divi propose des modules WooCommerce (Shop, Products, etc.) Cr\u00e9e une nouvelle page Boutique avec Divi. Ajoute un [&hellip;]<\/p>\n","protected":false},"featured_media":2491,"comment_status":"open","ping_status":"closed","template":"","meta":{"_et_pb_use_builder":"","_et_pb_old_content":"","_et_gb_content_width":""},"product_brand":[],"product_cat":[27],"product_tag":[],"class_list":{"0":"post-2535","1":"product","2":"type-product","3":"status-publish","4":"has-post-thumbnail","6":"product_cat-non-classe","8":"first","9":"instock","10":"shipping-taxable","11":"purchasable","12":"product-type-simple"},"_links":{"self":[{"href":"https:\/\/voudouant.org\/index.php\/wp-json\/wp\/v2\/product\/2535","targetHints":{"allow":["GET"]}}],"collection":[{"href":"https:\/\/voudouant.org\/index.php\/wp-json\/wp\/v2\/product"}],"about":[{"href":"https:\/\/voudouant.org\/index.php\/wp-json\/wp\/v2\/types\/product"}],"replies":[{"embeddable":true,"href":"https:\/\/voudouant.org\/index.php\/wp-json\/wp\/v2\/comments?post=2535"}],"wp:featuredmedia":[{"embeddable":true,"href":"https:\/\/voudouant.org\/index.php\/wp-json\/wp\/v2\/media\/2491"}],"wp:attachment":[{"href":"https:\/\/voudouant.org\/index.php\/wp-json\/wp\/v2\/media?parent=2535"}],"wp:term":[{"taxonomy":"product_brand","embeddable":true,"href":"https:\/\/voudouant.org\/index.php\/wp-json\/wp\/v2\/product_brand?post=2535"},{"taxonomy":"product_cat","embeddable":true,"href":"https:\/\/voudouant.org\/index.php\/wp-json\/wp\/v2\/product_cat?post=2535"},{"taxonomy":"product_tag","embeddable":true,"href":"https:\/\/voudouant.org\/index.php\/wp-json\/wp\/v2\/product_tag?post=2535"}],"curies":[{"name":"wp","href":"https:\/\/api.w.org\/{rel}","templated":true}]}}